3 + 5/2*t**2 + 0 - t. Let j be (-6)/(-2)*(-1 + 0). Determine q(j).
2
Let f = -35 - -38. Let z(t) = 2*t - 4. Calculate z(f).
2
Let p(a) = -a**2 - 10*a - 2. Let x(w) = -6*w - 62. Let g be x(-9). Give p(g).
14
Let q(t) be the second derivative of t**4/24 - 4*t**3/3 - 3*t**2/2 - t. Let j(r) be the first derivative of q(r). What is j(6)?
-2
Let j(n) be the first derivative of -n**2/2 - 9*n - 9. Give j(-7).
-2
Let b(s) = -12*s - 3. Let k(x) = -6*x - 2. Let i(o) = -2*b(o) + 5*k(o). Calculate i(4).
-28
Let u(j) = 4*j**2 - 5*j - 3. Let o(y) = y**2 - y. Let m(w) = -5*o(w) + u(w). Let n(k) = -k**2 + 3*k + 4. Let x be n(5). Let v = 6 + x. What is m(v)?
-3
Let n = 4 + -17. Let u(q) = q**3 + 8*q**2 + 4*q + 9. Let x(h) = -2*h**3 - 17*h**2 - 8*h - 19. Let b(s) = n*u(s) - 6*x(s). What is b(-2)?
5
Let n(j) = j - 1. Let o(l) = 4*l - 5. Let a(u) = -9*n(u) + 2*o(u). Determine a(5).
-6
Let u(o) = -2 + 7*o - 13*o + 11*o - o**2. Calculate u(4).
2
Let t(l) = l**3 - 5*l**2 - 7*l + 8. Let b be t(6). Suppose i - 5 = -2. Let c(v) = -i*v + 3*v + 1 - 5*v + 2*v + v**2. Determine c(b).
-1
Let p = 2 - 0. Let m be (-2)/(p - 0/(-3)). Let o(s) = s. Give o(m).
-1
Let r(u) = 5*u**3 - 34*u**2 + 30*u + 44. Let q(x) = -x**3 + 7*x**2 - 6*x - 9. Let k(m) = 11*q(m) + 2*r(m). Determine k(8).
5
Let d(q) = q**2 + 8*q + 2. Suppose 8*s + 29 + 27 = 0. Determine d(s).
-5
Let a(y) = -16*y**2 - y - 5. Let k(m) = 18*m**2 + m + 6. Let l(p) = 5*a(p) + 4*k(p). Let c(x) = x + 5. Let o be c(-6). Give l(o).
-8
Let t be (-1 + 1*-27)/(-2). Let y be (-4)/6*21/t. Let l(g) be the third derivative of -g**4/6 + g**3/6 - 2*g**2. Give l(y).
5
Let q(t) = t**3 - 5*t**2 + 4*t - 4. Suppose -2*z - 5 = -3*z. Suppose 0 = z*i - 21 - 4. Suppose 0 = 2*h - h + w - 4, -i*w = -h - 2. Give q(h).
-10
Let q(m) = -8*m + 1 - 2 + 6*m. Suppose -2 = -y + 8. Suppose 5*p + z + 4*z - y = 0, -5 = -2*p - 3*z. Determine q(p).
-3
Let d(k) = k**2 + 6*k + 5. Suppose 0 = 2*m + 4, -5*z = 4*m - 0*m - 2. Suppose 0*r + 6 = z*r. Let l = r - 8. Give d(l).
0
Let i(v) = -3*v**3 - v**2. Let g(x) = 2*x - 13. Let d be g(9). Suppose -j + d = -6*j. Determine i(j).
2
Let n(m) = -m - 6. Let u(w) = 4*w + 19. Let x(r) = -7*n(r) - 2*u(r). Let a(d) = -d + 4. Let l(k) = -5*a(k) + 6*x(k). Let s = -3 + 6. Give l(s).
1
Let d(o) = o**3 - 6*o**2 + 6*o - 3. Let m(w) = 3*w - 10. Let f be m(5). Calculate d(f).
2
Suppose 3*p = -0*p. Let v(n) = -n**2 + n + 2. What is v(p)?
2
Suppose -5*z - 23 = r, -r = -2*r - 3. Let q(d) = -3*d - 3. Let s(f) = -12*f - 12. Let a(y) = 21*q(y) - 5*s(y). What is a(z)?
9
Let j(t) be the second derivative of -7/12*t**4 + 0 + 1/20*t**5 + t**3 - t**2 - t. What is j(6)?
-2
Let p(z) = z**3 + 6*z**2 - 2*z - 7. Let i(y) = 9*y + 2. Let l be i(6). Let s = l + -38. Suppose 0 = 2*w + w + s. Give p(w).
5
Let f be (-30)/(-18) + 1/3. Let y(w) = -2*w**2 + 5*w**2 - w**2 - w**f - 9. Determine y(0).
-9
Let t(r) = 8*r**2 + 2*r + 1. Let x be t(-1). Let o = x - 11. Let h(v) = 2*v + 2. What is h(o)?
-6
Suppose -k + 4 = 3*k. Let r(c) = -4*c**2 - 3*c**2 + c + 0*c. Determine r(k).
-6
Let v(h) = h + 9. Let w be v(-7). Let d(j) = 1 + 2*j**w - 5*j**2 + 7*j - j**3 + 4. What is d(-4)?
-7
Let m = 13 - 13. Let d(w) = -w - 3. Let q be d(-5). Let l(t) = q + t**2 - 2 - 1 - 3*t + m. Give l(4).
3
Suppose 0 = 36*k - 41*k - 15. Let x(u) = 2*u**2 + u + 3. What is x(k)?
18
Let d(v) = 5*v + 2. Let c be (-2*3/4)/(13/(-26)). Give d(c).
17
Suppose 2*y - k + 16 = -y, 24 = -4*y + 4*k. Let m(t) = -t + 2. Calculate m(y).
7
Let l = 8 + -3. Let b(v) = -2*v**2 - v + 1. Let o(c) = -2*c**2 + 2. Let f(i) = 5*b(i) - 6*o(i). Give f(l).
18
Let v be (-2)/(-12) + (-220)/(-120). Let p(i) = -3*i + i**3 + 3*i + i**2 - 2. Give p(v).
10
Let q(p) = -p**3 - p**2 - p - 1. Let t be q(-1). Let c(u) = t*u + 1 - 1 + u + 1. Calculate c(-4).
-3
Let n(o) be the first derivative of -4/3*o**3 + o**2 + 0*o + 1/4*o**4 + 6. Calculate n(2).
-4
Suppose 0 = -4*j - 2*h + 1 + 19, -h + 19 = 5*j. Let l(o) = -4*o + j*o + 1 + 3*o + 7*o**2. Calculate l(-1).
6
Let y(x) = -x + 8*x + 7 - 7*x - 3*x. Give y(5).
-8
Let m(k) = k**2 - k + 1. Let f(w) = 6*w**2 - w + 3. Let c(x) = f(x) - 5*m(x). Let g be (-16)/(-6) - 4/6. Suppose 3*b + 5 = g*b. Determine c(b).
3
Let k(f) = 8*f + 3. Let r = -11 + 18. Suppose -9 = 2*s - 4*w + r, 6 = 2*w. What is k(s)?
-13
Let n(o) = 2*o**2 - 83 + 82 + o - o. What is n(1)?
1
Let r(b) be the second derivative of -b**4/12 + b**2/2 + 6*b. Calculate r(-3).
-8
Let h(u) be the first derivative of -u**4/4 - u**3 + u**2 + 4*u - 26. What is h(-3)?
-2
Suppose 2*d - d - 2*i + 7 = 0, -5*i + 11 = 4*d. Let t(b) = 7*b**3 + b**2 - 1. Calculate t(d).
-7
Let u(v) = 2*v**2 - 5*v + 3. Suppose -2*p + 12 = -k, 2*p - 7 = -4*k + 15. Let j = p + -4. What is u(j)?
6
Let g(h) = -3*h**2 + 26*h - 14. Let z(n) = n**2 - 9*n + 5. Let r(a) = 3*g(a) + 8*z(a). What is r(3)?
7
Let j(q) = 6 - 5 - 3 - 2*q. Let d(z) = z - 1. Let b be d(5). Suppose 2 = 3*n - 0*n - h, -24 = -b*n - 4*h. What is j(n)?
-6
Let t(g) = 6*g**2 - 34*g - 12. Let b be t(6). Let k(q) be the third derivative of -q**4/24 + q**3 - q**2. What is k(b)?
6
Let w(f) = -f**2 + 7*f - 4. Suppose -5*r = -p + 27, -2*p - 3*r = -5*r - 22. Calculate w(p).
-4
Let c(y) = y**2 + 2*y - 6. Let i be c(4). Suppose -h + i = 2*h. Let q(v) be the third derivative of -v**5/60 + 7*v**4/24 - v**3 + v**2 + 4*v. What is q(h)?
0
Let k(i) = 4*i**3 + 2*i**2 + 2*i - 2. Let n(u) = -20*u**3 - 11*u**2 - 11*u + 11. Let q(p) = -22*k(p) - 4*n(p). Calculate q(-1).
8
Let f(i) = -3*i**2. Let v be f(-1). Let d(s) be the second derivative of -s**3/6 + 2*s**2 + 5*s. Let t(r) = -r + 5. Let o(c) = v*t(c) + 4*d(c). Calculate o(5).
-4
Suppose 12 = 3*o, 5*d - 5*o + o + 16 = 0. Let h(i) = d - 4*i - 1 + 3*i + 4*i. Calculate h(-3).
-10
Let o(k) = -k**2 + 6*k - 1. Let w = -77 - -81. Determine o(w).
7
Let c(w) = -2 - 31*w + 12*w + 16*w. Let t be 3/6 + 3/2. Suppose -3*v = -t*a - 16, 5*a - 5*v + 27 = -3. What is c(a)?
4
Let a be (3/(-5))/(3/15). Let g = a - -7. Let v(w) = -w**3 + 5*w**2 - 3*w + 3. Calculate v(g).
7
Let n(m) = -m**3 - m + 2. Suppose -4*r + 4 = -4. Determine n(r).
-8
Let i(l) be the third derivative of -l**5/120 + 3*l**4/8 - l**3/6 + 5*l**2. Let g(b) be the first derivative of i(b). Let y be 114/18 - (-1)/(-3). What is g(y)?
3
Suppose -1 = -a + 2. Let d(g) = 1. Let y(k) = -k**2 - 2*k + 3. Suppose -3*p + 8*p = -5. Let c(x) = a*d(x) + p*y(x). Calculate c(-4).
8
Let s(w) = 5 - 5*w + 2*w + 1 + 5*w. Suppose 4*q + 12 = 4*n, 5*n = -4*q + 3*n - 24. Calculate s(q).
-4
Let b(l) = 4*l - 3*l + 5*l - 5*l. Determine b(6).
6
Suppose i = 2*i - 5. Suppose -7 = k - i. Let u(q) = 2*q**2 + 2*q + 1. Calculate u(k).
5
Let d be (1/(-3))/(2/(-30)). Suppose -c + 23 = d. Suppose -5*w - 2 = c. Let r(u) = -u**2 - 6*u - 5. Give r(w).
3
Suppose 9 + 3 = -4*w. Let z(a) be the first derivative of -a**4/4 - 2*a**3/3 + 3*a**2/2 + 3*a + 3. What is z(w)?
3
Let a(t) be the second derivative of -t**3/3 + t**2/2 - 13*t. What is a(-1)?
3
Let i(s) = 2*s**2 + 3*s + 1. Let o(k) = 2*k**2 + 2*k + 1. Let d(q) = -3*i(q) + 4*o(q). Let w(t) = t - 3 + 0 - 1. Let x be w(6). Give d(x).
7
Let t(m) = 6*m. Let o be 2*1/2*3. Suppose d + 5*v - 30 = 0, -o*d + 2*v + 1 = -4. Suppose -2*p - 3*p + d = 0. Determine t(p).
6
Let t(h) = h**3 - 7*h**2 + 4*h + 5. Suppose x = -x + 12. Give t(x).
-7
Let p(l) = l**3 - 6*l + 0*l - 488 + 5*l**2 + 494. Determine p(-6).
6
Suppose -3*s + 2 = -13. Suppose -12 = s*n - 4*n + 4*t, 37 = 4*n - t. Suppose c - n = -3*c. Let b(v) = -v - 2. Give b(c).
-4
Let p(x) = -9*x**2 + 1. Suppose 20 - 19 = -m. Give p(m).
-8
Let l(x) = 2*x**3 + x**2 - 2*x. Let b be -3*((-24)/(-9) - 2). Let y be (1 - 2)/(b/(-4)). What is l(y)?
-8
Let q(g) = g - 6. Suppose 0 = -4*j - 3*a + 42, 5*j - 2*j = -5*a + 37. Suppose -28 + 9 = -5*i + 2*h, i - j = 3*h. Let w be q(i). Let d(k) = -k + 4. Give d(w).
7
Suppose -2*d - 2*u + 7*u + 4 = 0, 5*u = -5*d - 25. Let j(w) = 3*w + 1. Give j(d).
-8
Suppose 2*k - 2 = k. Let t = k + -2. Let q(x) = 31*x**2 + x - 61*x**2 + x**3 + 29*x**2 - 2. Give q(t).
-2
Let r(l) = -l**3 + 4*l**2 - l - 2. Suppose o = -q - 3*o, -4*q + o = 0. Suppose q = -2*n + 5*c - 2, c = n - 0 - 2. What is r(n)?
-6
Let j(s) = -2*s**2 - 3 + s**2 - 1 - 5 - s. Let d = 3 + -3. Give j(d).
-9
Let m(i) = -22*i. Let c(t) = -15*t - 22*t + 16*t. Let b(u) = -7*c(u) + 6*m(u). What is b(1)?